i(f) = f**3 + 11*f**2 - 12*f + 5. What is i(s)?
5
Let q(v) = v**2 - v - 1. Let f(r) = 3*r**2 + 5*r - 2. Let m(b) = f(b) - 2*q(b). Suppose -2*d - 3 = 3*i + 8, 0 = 2*i - 2*d + 24. What is m(i)?
0
Let d be -2 - (2 + 16/(-4)). Suppose -3*w = 6 - d. Let t(h) = -h**3 - 2*h**2 - 2*h - 2. Determine t(w).
2
Let r(t) = -t**3 + 2*t**2 + t + 1. Let v(q) = -5*q**3 + 4*q**2 + 13*q - 1. Let s(g) = 6*r(g) - v(g). Give s(7).
7
Let k(t) = 2*t**3 + t**2 + t - 3. Let r(f) = 3*f**3 + 3*f**2 + f - 6. Let o(u) = -5*k(u) + 3*r(u). Give o(3).
0
Let a(p) = 34*p - 103. Let y(w) = 16*w - 48. Let b(l) = -6*a(l) + 13*y(l). Calculate b(-9).
-42
Let j(t) = 4*t - 1. Let u(w) be the third derivative of w**5/60 - 7*w**4/24 + w**3/3 + w**2. Let l be u(7). Suppose z = -l*z + 3. Determine j(z).
3
Suppose -20 + 8 = 3*f. Let i(v) be the second derivative of 1/2*v**2 - 6*v - 1/2*v**3 - 1/20*v**5 + 0 - 5/12*v**4. Determine i(f).
-3
Let f(x) = -x**3 + 6*x**2 + 5. Let p = 41 - 47. Let z be 4/p*(-22 + 13). What is f(z)?
5
Let b = 3 + -5. Let l = 0 + b. Let s(m) = -7*m**3 + 17*m**2 - 2*m - 12. Let x(r) = -3*r**3 + 7*r**2 - r - 5. Let k(w) = -5*s(w) + 12*x(w). Calculate k(l).
8
Suppose 4*f - i - 17 = 0, -3*f - i = -0*f - 18. Let h(v) = -v**3 + 4*v**2 + 6*v - 7. Determine h(f).
-2
Let r be 1 + 9/3 + 0. Let k(h) = -h + 3*h + r*h - 2*h - 3. Let n(x) = x**3 + 8*x**2 + 4. Let a be n(-8). Determine k(a).
13
Let y be (2 - 1)*(-12 - -5). Let w(l) = 3*l**2 + 20*l - 10. What is w(y)?
-3
Let x(a) = -3*a**2 - 5*a - 8. Let i(w) = -w**2 - 2*w - 3. Let g(c) = -8*i(c) + 3*x(c). Let o(k) = 4*k - 3. Let q be o(2). Suppose q*v + 0 = 20. What is g(v)?
-12
Let r(p) = -4*p**2 - 26*p - 5 + 3*p**2 + 28*p. Determine r(5).
-20
Let x(c) = -c + 6. Suppose 38 = -4*n - 5*l - 9, 0 = -3*n - 3*l - 36. Let o = 26 + n. Suppose 8 = -t + o. Determine x(t).
1
Let u(t) be the first derivative of -t**6/360 + t**5/12 - 5*t**4/12 - 11*t**3/3 - 19. Let i(v) be the third derivative of u(v). Determine i(8).
6
Let d(h) = 3*h + 9. Suppose -13 - 187 = 25*k. Calculate d(k).
-15
Let d(c) = -7*c - 19. Let w be d(-3). Let i(t) = -42*t**2 + 41*t**w + 0 + 3*t - t**3 + 1. What is i(-2)?
-1
Let n(v) = 7*v + v**2 - 1 + 0*v**2 + 8. Let y(z) = 5*z - 4. Let s be y(2). Suppose 4*x + s = -14. Give n(x).
-3
Let h(v) be the first derivative of v**4/2 - 7*v**3 + 5*v**2 - 7*v - 459. Calculate h(10).
-7
Let d be ((-36)/20)/(-3) - 34/(-10). Suppose -5*q - 5*b = 35, -d*b + 7 = -q + b. Let i(w) = -2*w - 6. Calculate i(q).
8
Let z(f) = -f**2 - 8*f - 3. Let a(q) = 5*q + 8*q + q**3 - 6 - 3*q**2 + 2 - 14*q. Let s be a(3). What is z(s)?
4
Let q(s) = -4*s + 66. Let g be q(15). Let b(o) = -o**3 + 8*o**2 - 6*o - 12. What is b(g)?
24
Suppose 2*x + 25 = -2*n + 7*x, -2*x = 2*n + 4. Let r(b) = -b + 6. Determine r(n).
11
Suppose -3*i = -0*q + 3*q - 36, i + 2*q - 17 = 0. Let n(u) = u + 3. Calculate n(i).
10
Let j = 35 - 32. Let m(t) = -10*t - 1 - j*t + t**2 + 12. Determine m(12).
-1
Let n be (-2)/((-2)/(-3)) + 1. Let t(c) = -87*c + 39*c + 39*c. Determine t(n).
18
Let t be 5 - (-1 + 2)*1. Let j(d) = d + 0*d + d**3 - 3 - t*d**2 + 0*d. Let a(x) = x**3 - 72*x**2 + 2*x - 140. Let c be a(72). Calculate j(c).
1
Let d be 2/((-2)/5)*1. Let w(x) = x**3 + 6*x**2 + 5*x + 5. Let g be w(d). Suppose -g*l - 3*a - 10 = 0, -5*l - 10 = 7*a - 2*a. Let p(n) = -4*n - 3. Give p(l).
5
Let s = 25 + -21. Suppose -z + 0*v = s*v + 16, -z - 1 = -v. Let f(i) = -i**2 - 6*i - 2. Give f(z).
6
Let h = 2577 + -2395. Let r(g) = 12*g + 1. Let i be r(1). Let w be 2/i - (-1064)/h. Let a(k) = k**3 - 7*k**2 + 7*k + 1. Determine a(w).
7
Suppose -2*p = -0*p. Let m(g) = 1 - 2*g - 2*g + p. Let c(o) = -o**2 + 7*o + 2. Let h be c(7). Calculate m(h).
-7
Let l be 0 + 8 - 18/6. Suppose -6*t + 7*t = l. Let h(m) = -m**3 + 5*m**2 - 1. Calculate h(t).
-1
Let m(q) = -7*q + 1. Let s(w) = w. Let p(y) = 3*m(y) + 24*s(y). Let o = -6 - -12. Calculate p(o).
21
Let a(n) = -3*n - 1. Let r(v) be the first derivative of -v**3/3 + 3*v**2 - 3*v + 5. Let c be r(4). Let p be (20/(-25))/((-2)/c). Give a(p).
-7
Let w(i) = i. Suppose j - 4*a + 42 = -14, 2*a + 152 = -4*j. Let y = -46 - j. Determine w(y).
-6
Let l(w) = 2*w**2 - 12*w + 3. Let m = -167 + 173. What is l(m)?
3
Let c(w) = -w**3 + 9*w**2 + 11*w - 7. Suppose 35*m = 45*m - 100. Give c(m).
3
Let r be 5/5*(-1)/(-1). Let s(c) = -c**3 + c**2 - c - 1. Let a(z) = -5*z**3 + 11*z**2 - 10*z + 3. Let h(u) = r*a(u) - 4*s(u). Give h(6).
7
Let q(u) be the second derivative of -u**5/20 - u**4/6 + u**3/2 - 3*u**2/2 + 164*u. Determine q(-4).
17
Let j(p) be the first derivative of -3*p**2/2 - 6*p - 83. Calculate j(-3).
3
Suppose 0 = 2*j - 4*u - 14, 18 = -2*j - 5*u + 5. Let f(q) = q**2 + q - 1. Let d(g) = 13*g**2 + 2*g - 3. Let a(m) = d(m) - 3*f(m). What is a(j)?
9
Suppose -341 = -6*v + 1195. Let u(y) = 509*y + 5 - 254*y - v*y. What is u(7)?
-2
Let s(h) = -h - 38 + 100 - 46. Give s(14).
2
Let b(h) be the third derivative of h**5/60 - h**4/8 - h**3/2 - 10*h**2 - 3. Determine b(3).
-3
Let m(i) be the second derivative of -4*i**3/3 - i. Let c = -308 + 309. Determine m(c).
-8
Suppose 12*s - 13*s = 0. Suppose -3*m + 11 + 28 = s. Suppose 2*z - 7 + m = 0. Let x(y) = -2*y + 1. Calculate x(z).
7
Suppose -2*l - s + 2 = 13, -s + 13 = -4*l. Let h(g) = -106*g**2 + 204*g**2 - 99*g**2 - 3. Calculate h(l).
-19
Suppose 18*y + 16 = 26*y. Suppose 0 = -2*z - a - y*a, 0 = z + 5*a + 14. Let u(q) = -3*q + 9*q + q - 7*q**2 + q**3 - 4. Give u(z).
2
Let m be 1573/(-605) - (-2)/(-5). Let n(b) be the third derivative of 0*b**3 - 1/120*b**6 - 1/12*b**4 + 0*b + 0 - 1/20*b**5 - 2*b**2. Determine n(m).
6
Let y(w) = -w**2 + 1. Let n be 10/3*(-9 - -6). Let k = n + 18. Let t = k - 5. Determine y(t).
-8
Let r be ((-3)/9)/(8*4/288). Let m(n) = 2*n**2 + 3*n + 2. Determine m(r).
11
Suppose 0 = -7*o - 5*o. Let a(y) = 3 + 3 - y + 3. Calculate a(o).
9
Let w(v) = -2*v**3 - 27*v**2 - 4*v - 41. Let i(m) = m**3 + 14*m**2 + 2*m + 21. Let l(r) = 5*i(r) + 3*w(r). What is l(-11)?
4
Let d = -2 - -4. Let g(i) be the second derivative of i**5/120 - i**4/6 - 11*i**3/6 + 15*i. Let w(c) be the second derivative of g(c). Determine w(d).
-2
Let s(l) = l + 4. Let n(q) = -q**2 + q - 2. Let h be n(2). Let c(o) = -2*o - 8. Let y(p) = -3*p - 12. Let w(i) = -8*c(i) + 5*y(i). Let f be w(h). What is s(f)?
4
Let q(y) be the second derivative of y**4/12 + 5*y**3/6 - 3*y**2/2 + y. Suppose l - 8*l + 4*l = 18. Determine q(l).
3
Let v(u) = -5 - 185*u**2 + 186*u**2 + 2*u + 2. Suppose -2*x - x = -9. Let i(y) = y**3 - 3*y**2 + 2*y - 3. Let n be i(x). Calculate v(n).
12
Let m = 316 + -319. Let g(c) = c**3 + 6*c**2 + 3*c + 3. Calculate g(m).
21
Let u(l) be the third derivative of 0 + 2*l**3 + 7*l**2 + 1/24*l**4 - 1/60*l**5 + 0*l. Let q = 1 - 1. Give u(q).
12
Let f(r) = -r**3 + 7*r**2 + 20*r - 10. Suppose -32*d = -29*d - 27. Let h be f(d). Let o(g) = -g**3 + 8*g**2 + g - 1. Calculate o(h).
7
Let n(t) be the second derivative of 5*t**3/6 - 5*t**2 + 134*t + 1. Calculate n(7).
25
Let r(m) be the first derivative of -m**4/4 - 8*m**3/3 + 9*m**2/2 + 7*m + 2. Let p be r(-9). Let k(i) = -i**3 + 6*i**2 + 8*i - 2. Determine k(p).
5
Let l(b) = 4 - 1242*b**2 + 1234*b**2 - 7*b + b - b**3. Suppose 7*t = 5*t - 4*d + 28, 4*t = -2*d + 26. Suppose -u = -y + 5, -5*u - t*y - 10 = 33. Determine l(u).
-3
Let v(s) be the third derivative of s**4/24 + 7*s**3/3 + 2*s**2 - 43*s. Suppose f - 5 = -0*f. Let u = f + -5. Calculate v(u).
14
Let h(z) = z**2 - 6*z + 4. Suppose 5*j - 91 = -31. Suppose -4*w = -7*w + j. What is h(w)?
-4
Let v(f) = -f**2 - 26*f - 34. Suppose -159*x = -172*x - 325. What is v(x)?
-9
Let g(j) = j + 19. Let b be g(-17). Let h(t) = -5*t - b*t + 1 + t - t**2. What is h(-5)?
6
Let f be (-20)/15*(-3)/2. Suppose 4 + 4 = 3*n + 4*j, -f*j - 14 = -3*n. Suppose -3*h = 5*c + 8, -n*h - 24 = -9*h + c. Let w(a) = -2*a. Calculate w(h).
-8
Let y(l) be the third derivative of -l**4/12 + l**3/3 - 22*l**2 - 3*l. Calculate y(7).
-12
Let u(a) be the first derivative of -2*a**3/3 - 5*a**2/2 - 4*a + 8. Let v(j) = 3*j**2 - 1. Let p be v(1). Let x be 115/(-35) + p/7. Calculate u(x).
-7
Let p(n) = -13*n - 3. Let k = 358 - 355. What is p(k)?
-42
Let u = -106 - -111. Let x(m) be the second derivative of -m**5/60 + 7*m**4/24 - 7*m**3/6 + m**2 - m. Let l(b) be the first derivative of x(b). Give l(u).
3
Let a(y) 